(w) = 2*w**2 + 4. Let b(g) = -3*g**2 - 8. Let l(h) = -3*b(h) - 5*u(h). Determine l(c).
-12
Let r(z) = -3 + 100*z - 206*z + z**3 + 104*z - 16*z**2. What is r(16)?
-35
Let m(y) be the second derivative of -y**5/20 + 7*y**4/12 + y**3/3 - 9*y**2/2 + 2*y. Let t be ((-9)/63)/(15/(-49) - (-22)/77). Give m(t).
5
Let p(i) be the third derivative of i**4/24 + 4*i**3/3 - 18*i**2. Let u(m) = -m**2 + 49*m - 594. Let k be u(22). Give p(k).
8
Let g(o) be the second derivative of -o**4/12 - 8*o**3 - 20*o**2 - 168*o. What is g(-47)?
7
Let b(h) = 29 + 65*h - 15 - 22. Let p(j) = 23*j - 3. Let c(u) = 6*b(u) - 17*p(u). Give c(-6).
9
Let m(o) = 4*o**3 + 35*o**2 - 11. Let r(g) = g**3 + 9*g**2 - 3. Let k(w) = 6*m(w) - 23*r(w). Let z be 3/2*-1*2. Let u = 0 + z. Determine k(u).
3
Suppose 60 = 7*d + 32. Suppose 36 = d*i - x, -i - 6 = -19*x + 15*x. Let a(n) = -n**3 + 11*n**2 - 10*n + 12. Calculate a(i).
12
Let k(y) = y**3 + 4*y**2 - 2*y + 1. Let o(r) = -1 - 2 - 28*r + r**2 + 6*r - 1. Let l be o(22). Determine k(l).
9
Let r(k) = k**2 + 12*k + 10. Let s be 4/(-1) - 60/(-6). Let w(v) = 2*v**2 - 3*v + 11. Let m be w(s). Let t = 54 - m. Give r(t).
-1
Let g be (2 - (-28)/7) + 10. Suppose -63*b = -67*b - g. Let t(j) = j**3 + 5*j**2 + 3*j + 6. Give t(b).
10
Let j(l) = l**2 - 2*l - 2. Suppose -p - 7 = -5. Let u be 1/(-1)*0/p. Give j(u).
-2
Let y(d) = -70*d + 18. Let x be (12 + -8)*((-19)/76)/((-1)/(-2)). What is y(x)?
158
Suppose -69*v + 6109 = -28*v. Suppose 0 = 17*z - v - 157. Let h(c) = -c**2 + 18*c - 11. What is h(z)?
-11
Let u(o) be the third derivative of o**5/15 + 7*o**4/8 - o**3/3 - 1615*o**2 - 2*o - 1. What is u(-5)?
-7
Let k(m) be the first derivative of 0*m**2 - 8 + 5*m**3 - 1/60*m**5 + 0*m - 1/6*m**4. Let q(u) be the third derivative of k(u). Determine q(-5).
6
Let l(t) be the first derivative of -2*t**2 - 8*t + 14. Suppose -j = 4*f - 29, 3*f + 3*j + 39 - 72 = 0. Give l(f).
-32
Let z be (144/(-45))/(18/45). Let j(l) = -l**2 + 3*l + 12. Calculate j(z).
-76
Let u(s) = s**3 + s**2 + 22. Let m be u(0). Let v(f) = 2*f - 41. Let b be v(m). Let x(w) = -4*w + 2*w**3 - 9*w**2 - 2 - w**b - 3*w**2 + 7*w**2. What is x(6)?
10
Let g be (-2)/(-28) - (-4191)/(-462). Let b(j) = 7*j**2 - 11*j + 22. Let h(l) = -3*l**2 + 6*l - 10. Let m(k) = g*h(k) - 4*b(k). Determine m(-10).
2
Let a(t) = -t**3 + 3*t + 1. Let b be a(-2). Let r(d) = b*d**3 - 4*d**3 + 4*d**2 + 3*d**2 - 9 - 8*d + 2*d**2. Suppose 27*l = 1409 - 1193. What is r(l)?
-9
Let k(j) = -j + 34 - 34. Let l(w) = -2*w**2 + 12*w + 6. Let x be l(6). Let d be 3/(x/(-8)) - 0. Give k(d).
4
Let t(m) = m**2 - 2. Let l(r) = -r. Let c(u) = -3*l(u) + t(u). Let f(p) = -5*p**2 - 13*p + 7. Let d(n) = 9*c(n) + 2*f(n). Give d(0).
-4
Let g(x) = -x**3 + 3*x**2 - 2*x + 3. Suppose -2*q + 15 + 3 = 7*q. Calculate g(q).
3
Let t(b) = -7*b + 15*b - 71910 + 71915. Suppose 4*r + 22 = 6. What is t(r)?
-27
Suppose 0*u - 3*s + 1179 = 4*u, -2*u - 2*s = -590. Let h = 287 - u. Let l(b) = -b**3 - 7*b**2 - 5*b - 10. Calculate l(h).
25
Let x(s) be the third derivative of -2*s**4/3 + 38*s**3/3 + 56*s**2 + 20. Calculate x(4).
12
Let z = -200 + 460. Let w(u) = -u + 261 - 521 + z + 3*u**2. Calculate w(2).
10
Let n(a) = -57 - 663639*a**2 - 156 + 148*a - 59*a + 663637*a**2. Give n(42).
-3
Let f(m) be the second derivative of -m**4/12 - m**3 + 9*m**2/2 + 24*m. Let d = 456 + -464. Give f(d).
-7
Suppose -38*h - 69*h = 26*h. Let v(m) = -m**3 - 2*m**2 + 5. Determine v(h).
5
Let p(y) be the first derivative of 5*y**2/2 - 105*y + 23. Determine p(19).
-10
Let b(w) = w**2 - 165*w + 1970. Let s be b(13). Let i(h) = -5*h - 31. Calculate i(s).
-1
Let u(f) = -2*f - 2. Suppose -3*t + 65 + 39 = -x, 3*x + 67 = 2*t. Suppose -7*k + t = -28. Let y be ((-2)/k - 7/9)*2. Calculate u(y).
2
Let r(s) = -2*s**2 + 2*s - 8. Let v(b) = b**2 + 9*b + 20. Let a be v(-3). Let x be r(a). Let d(c) = 2*c + 16. Calculate d(x).
-8
Let y = 2426 + -2420. Let c(m) = m**3 - 7*m**2 + 5*m - 10. Give c(y).
-16
Let m(c) be the first derivative of 3*c**2/2 + 73*c + 558. Determine m(-24).
1
Let u(l) = -15*l**2 - 116*l + 47. Let b be u(-8). Let t(o) = -o**3 + 15*o**2 - 18. What is t(b)?
-18
Let c(l) = -l**3 + l**2 + 11*l - 11. Let u be c(3). Let o(b) = b - 15. Let t(z) = -5. Let p(h) = u*o(h) - 11*t(h). Give p(-4).
-21
Let y(q) = q**3 - 20*q**2 - 45*q + 24. Let p be y(22). Let h(s) = 2*s**2 - 2*s + 0*s**3 + 3*s**2 + 0*s**2 - 2*s**2 + 2 - 3*s**3. Give h(p).
-14
Let p(y) = 25*y + 2. Let u(d) = 53*d - 107. Suppose 48*m = 53*m - 10. Let b be u(m). What is p(b)?
-23
Suppose 4*a + 4*k - 352 = 0, -4*a + 2*k + 217 = -117. Let s(r) = -81*r + a*r + 6 - 9 - r**2. Determine s(4).
-3
Let o(z) be the first derivative of z**4/4 + 4*z**3 - z**2 - 13*z + 5816. Calculate o(-12).
11
Let o(l) = 3*l**2 + 3. Let x = -2097 + 2098. Give o(x).
6
Let y(h) be the third derivative of -h**4/24 - 23*h**3/6 + 226*h**2 + 5*h. Suppose 3*j + 29 + 34 = 5*o, -35 = 2*j - o. What is y(j)?
-7
Let z(g) = 20*g - 1. Let c(a) = -a**2 + 76*a. Let b(r) = c(r) - 4*z(r). Suppose 5*i - 2*q = -26, -2*i - 3*i = 3*q + 11. What is b(i)?
4
Let l(o) = -9*o**2 - 27*o + 26. Let d(z) = 11*z**2 + 28*z - 24. Let t(q) = 5*d(q) + 6*l(q). Determine t(20).
-4
Suppose -18 - 150 = -42*k. Let u(t) = -4*t + 13. What is u(k)?
-3
Let x(s) = 18*s - 56. Let q be (1/2)/(534/4272). What is x(q)?
16
Let g(r) = -r - 8. Let s = -92 + 203. Suppose 14*c = -13 + s. Give g(c).
-15
Let t(d) = -d + 13. Let c(u) be the first derivative of 2*u**2 - 41*u - 151. Let f(s) = -2*c(s) - 7*t(s). Give f(-10).
1
Let k = 138 - 135. Suppose k*s - 22 + 7 = 0, -4*l + 4*s = 20. Let w(m) = m. Give w(l).
0
Let g(k) be the first derivative of k**6/360 + k**5/40 - k**4/8 + 10*k**3/3 + k**2 + 57. Let s(t) be the third derivative of g(t). What is s(-3)?
-3
Let l(w) = -3*w + 8 - 25*w + 86*w - 21*w - 15*w. What is l(1)?
30
Let v(h) = 7*h + 130. Let k = 467 + -485. Let j be v(k). Let a(u) = -u + 5. Determine a(j).
1
Let w(r) be the first derivative of r**5/60 + r**4/3 + 7*r**3/6 - 41*r**2 + 127. Let h(j) be the second derivative of w(j). What is h(-8)?
7
Let v(j) be the second derivative of 7 + 1/6*j**4 + 3/2*j**2 - 7*j + 1/6*j**3. Give v(-2).
9
Let z(i) be the third derivative of i**5/60 + i**4/3 + 3*i**3/2 - 2*i**2 - 23*i. Calculate z(-6).
-3
Let z be 1 - -1 - (0 + 1). Let v be (-6 - -17)/44*(1 - -19). Let l(d) = -21*d - 2. Let s(t) = -31*t - 3. Let a(u) = v*s(u) - 7*l(u). Determine a(z).
-9
Let l(g) be the third derivative of g**5/15 - 11*g**4/8 + 59*g**3/6 - 179*g**2 - 4. What is l(2)?
9
Let w(i) = i**3 + 13*i**2 + 30*i + 1. Let y be 4 + (364/65)/((-2)/5). What is w(y)?
1
Let q(y) be the second derivative of y**2 + 0 - 74*y + 1/3*y**3. What is q(-3)?
-4
Let y = -19 + 25. Let l(w) be the first derivative of w**5/20 - w**4/2 - w**3/6 - 4*w - 2. Let d(k) be the first derivative of l(k). What is d(y)?
-6
Let z(a) = -a**3 + 3*a**2 + a + 3. Suppose 2*w = 0, 25 = 5*y - 0*w - 2*w. Suppose 14 = 3*o - l, 12 + 22 = 3*o - y*l. Determine z(o).
6
Let v(s) = -6*s - 10. Let x be v(-3). Let d(h) = -x*h**2 + 10*h - 3*h**2 - 6 + 2*h**2 - h**3. Let q(l) = -l**2 - 25*l - 56. Let m be q(-23). Give d(m).
-6
Let x be 1 + (-2)/15 + (8648/(-120))/(-23). Let q(r) = -60*r + 243. What is q(x)?
3
Let w(a) be the second derivative of 1/12*a**4 + 4*a**2 - 1/6*a**3 + 50*a + 2. Calculate w(0).
8
Let m(u) be the first derivative of -11*u**7/840 + u**6/360 - u**4/24 - 13*u**3/3 - 35. Let f(b) be the third derivative of m(b). Let t = 7 + -6. Give f(t).
-11
Let n(q) be the first derivative of 3*q**4/4 + 13*q**3/3 - q**2 - 4*q - 6591. Give n(-4).
20
Suppose 0 = -110*q + 116*q - 6. Suppose 3*f - x - 8 = 0, 2*f + f + x + 2 = 0. Let v(j) = f - 26*j**2 - 1 - j + 24*j**2. Determine v(q).
-3
Suppose 51*t - 49*t + 5*p - 72 = 0, 0 = -4*t - 5*p + 114. Let b(g) be the second derivative of 1/6*g**3 - 2*g**2 + 0 + t*g + 1/12*g**4. Give b(-4).
8
Let i(g) = g**3 - 2*g**2 - 23*g + 4. Let r be i(-4). Suppose r = 5*l - 2*v - 14, l + 3*v + 15 = 11. Let a(x) = 3*x. Give a(l).
6
Let c(h) = -h + 10. Let i be (-1)/4 - 42/(-8). Let l = 2476 - 2474. Suppose -i = -l*n + 9. Determine c(n).
3
Let x(z) = z - 1. Let f = -64 - -61. Let g(o) = o**2 + 3*o - 2. Let m be g(f). Let b be 3/m*60/18. What is x(b)?
-6
Let f(y) = -y**2 - 14*y - 38. Suppose 76 = -3*g - 19*d + 15*d, 37 = -g - 3*d. Gi